{"version":"1.0","type":"rich","provider_name":"Izquierda Unida - El Viso del Alcor","provider_url":"https:\/\/iuelviso.org","title":"\u00bfA ver qui\u00e9n se atreve a subir a la plaza Diamantino Garc\u00eda?","author_name":"Javier Santos","width":"742","height":"410","url":"https:\/\/mail.iuelviso.org\/a-ver-quien-se-atreve-a-subir-a-la","html":"\u003Ch4 class='title'\u003E\u003Ca href='https:\/\/mail.iuelviso.org\/a-ver-quien-se-atreve-a-subir-a-la'\u003E\u00bfA ver qui\u00e9n se atreve a subir a la plaza Diamantino Garc\u00eda?\u003C\/a\u003E\u003C\/h4\u003E\u003Cblockquote class='spip'\u003E\n\u003Cp\u003EEn esta vor\u00e1gine de conciencia social del Concejal de Urbanismo de mi pueblo El Viso del Alcor, hace unos a\u00f1os intent\u00f3 arreglar uno de los accesos a la Plaza Diamantino Garc\u00eda, como establece las normas subsidiarias, pero el resultado fue la foto que aqu\u00ed muestro. En vez de solucionar un problema, se cre\u00f3 otro mucho m\u00e1s peligroso, \u00bfde verdad este se\u00f1or puede pensar que una persona en silla de ruedas puede subir por esta rampa sin poner en riesgo su f\u00edsico?, \u00bfnadie del Ayuntamiento se da&nbsp;(\u2026)\u003C\/p\u003E\n\u003C\/blockquote\u003E\n"}

¿A ver quién se atreve a subir a la plaza Diamantino García?

<h4 class='title'><a href='https://mail.iuelviso.org/a-ver-quien-se-atreve-a-subir-a-la'>¿A ver quién se atreve a subir a la plaza Diamantino García?</a></h4><blockquote class='spip'>
<p>En esta vorágine de conciencia social del Concejal de Urbanismo de mi pueblo El Viso del Alcor, hace unos años intentó arreglar uno de los accesos a la Plaza Diamantino García, como establece las normas subsidiarias, pero el resultado fue la foto que aquí muestro. En vez de solucionar un problema, se creó otro mucho más peligroso, ¿de verdad este señor puede pensar que una persona en silla de ruedas puede subir por esta rampa sin poner en riesgo su físico?, ¿nadie del Ayuntamiento se da&nbsp;(…)</p>
</blockquote>
