{"version":"1.0","type":"rich","provider_name":"Izquierda Unida - El Viso del Alcor","provider_url":"https:\/\/iuelviso.org","title":"Calle Mar\u00eda Emilia Mu\u00f1oz - Vado con obst\u00e1culo","author_name":"Administrador","width":"742","height":"410","url":"https:\/\/mail.iuelviso.org\/calle-maria-emilia-munoz-vado-con","html":"\u003Ch4 class='title'\u003E\u003Ca href='https:\/\/mail.iuelviso.org\/calle-maria-emilia-munoz-vado-con'\u003ECalle Mar\u00eda Emilia Mu\u00f1oz - Vado con obst\u00e1culo\u003C\/a\u003E\u003C\/h4\u003E\u003Cblockquote class='spip'\u003E\n\u003Cp\u003ELa foto de hoy en El Viso del Alcor, sobre las barreras arquitect\u00f3nicas (unas creadas por la vecindad, pero la inmensa mayor\u00eda ejecutadas por el Ayuntamiento), no necesita comentario alguno.\n\u003Cbr class='autobr' \/\u003E\nSe\u00f1or Delegado de Urbanismo, nos puede explicar c\u00f3mo se puede transitar por esta esquina. \u00a1Ah perd\u00f3n!, que usted no se rebaja a explicar nada a nadie que no le dore la p\u00edldora. \n\u003Cbr class='autobr' \/\u003E\nFrancisco Javier Santos Garc\u00eda \n\u003Cbr class='autobr' \/\u003E\nEsta foto est\u00e1 en Facebook, \u00bfla quieres comentar?\u003C\/p\u003E\n\u003C\/blockquote\u003E\n"}

Calle María Emilia Muñoz - Vado con obstáculo

<h4 class='title'><a href='https://mail.iuelviso.org/calle-maria-emilia-munoz-vado-con'>Calle María Emilia Muñoz - Vado con obstáculo</a></h4><blockquote class='spip'>
<p>La foto de hoy en El Viso del Alcor, sobre las barreras arquitectónicas (unas creadas por la vecindad, pero la inmensa mayoría ejecutadas por el Ayuntamiento), no necesita comentario alguno.
<br class='autobr' />
Señor Delegado de Urbanismo, nos puede explicar cómo se puede transitar por esta esquina. ¡Ah perdón!, que usted no se rebaja a explicar nada a nadie que no le dore la píldora. 
<br class='autobr' />
Francisco Javier Santos García 
<br class='autobr' />
Esta foto está en Facebook, ¿la quieres comentar?</p>
</blockquote>
