{"version":"1.0","type":"rich","provider_name":"Izquierda Unida - El Viso del Alcor","provider_url":"https:\/\/iuelviso.org","title":"El Ayuntamiento invertir\u00e1 en la climatizaci\u00f3n de los colegios","author_name":"Administrador","width":"742","height":"410","url":"https:\/\/mail.iuelviso.org\/el-ayuntamiento-invertira-en-la-climatizacion-de-los-colegios","html":"\u003Ch4 class='title'\u003E\u003Ca href='https:\/\/mail.iuelviso.org\/el-ayuntamiento-invertira-en-la-climatizacion-de-los-colegios'\u003EEl Ayuntamiento invertir\u00e1 en la climatizaci\u00f3n de los colegios\u003C\/a\u003E\u003C\/h4\u003E\u003Cblockquote class='spip'\u003E\u003Ciframe width=\"100%\" height=\"300\" src=\"https:\/\/www.youtube.com\/embed\/jIGNJYhW05E?rel=0\" frameborder=\"0\" allow=\"autoplay; encrypted-media\" allowfullscreen\u003E\u003C\/iframe\u003E\n\u003Cp\u003EEl Ayuntamiento sigue demostrando su compromiso con la comunidad educativa visue\u00f1a. Nuestro Delegado de Educaci\u00f3n, Manuel Jim\u00e9nez Cadenas, se sigue mostrando incansable en su objetivo por mejorar las instalaciones de los centros, que los ni\u00f1os y ni\u00f1as puedan desarrollar su vida escolar en las mejores condiciones posibles y que la Educaci\u00f3n sea vista como debe ser: PRIORIDAD.\u003C\/p\u003E\u003C\/blockquote\u003E\n"}

El Ayuntamiento invertirá en la climatización de los colegios

<h4 class='title'><a href='https://mail.iuelviso.org/el-ayuntamiento-invertira-en-la-climatizacion-de-los-colegios'>El Ayuntamiento invertirá en la climatización de los colegios</a></h4><blockquote class='spip'><iframe width="100%" height="300" src="https://www.youtube.com/embed/jIGNJYhW05E?rel=0" frameborder="0" allow="autoplay; encrypted-media" allowfullscreen></iframe>
<p>El Ayuntamiento sigue demostrando su compromiso con la comunidad educativa visueña. Nuestro Delegado de Educación, Manuel Jiménez Cadenas, se sigue mostrando incansable en su objetivo por mejorar las instalaciones de los centros, que los niños y niñas puedan desarrollar su vida escolar en las mejores condiciones posibles y que la Educación sea vista como debe ser: PRIORIDAD.</p></blockquote>
