{"version":"1.0","type":"rich","provider_name":"Izquierda Unida - El Viso del Alcor","provider_url":"https:\/\/iuelviso.org","title":"Galer\u00eda de fotos: 28 febrero","author_name":"\u00c1rea de Comunicaci\u00f3n","width":"742","height":"410","url":"https:\/\/mail.iuelviso.org\/galeria-de-fotos-28-febrero","html":"\u003Ch4 class='title'\u003E\u003Ca href='https:\/\/mail.iuelviso.org\/galeria-de-fotos-28-febrero'\u003EGaler\u00eda de fotos: 28 febrero\u003C\/a\u003E\u003C\/h4\u003E\u003Cblockquote class='spip'\u003E\u003Cp\u003EIzquierda Unida ha celebrado el d\u00eda 28 de Febrero con un acto en el que hemos recordado la situaci\u00f3n de los pueblos palestinos y saharauis sin olvidar la situaci\u00f3n de crisis en la que se encuentra nuestra tierra. El 28 de Febrero D\u00eda de Andaluc\u00eda sigue siendo un d\u00eda de reivindicaci\u00f3n y lucha.\u003C\/p\u003E\u003C\/blockquote\u003E\n"}

Galería de fotos: 28 febrero

Área de Comunicación

<h4 class='title'><a href='https://mail.iuelviso.org/galeria-de-fotos-28-febrero'>Galería de fotos: 28 febrero</a></h4><blockquote class='spip'><p>Izquierda Unida ha celebrado el día 28 de Febrero con un acto en el que hemos recordado la situación de los pueblos palestinos y saharauis sin olvidar la situación de crisis en la que se encuentra nuestra tierra. El 28 de Febrero Día de Andalucía sigue siendo un día de reivindicación y lucha.</p></blockquote>
