{"version":"1.0","type":"rich","provider_name":"Izquierda Unida - El Viso del Alcor","provider_url":"https:\/\/iuelviso.org","title":"IU reivindica el Primero de Mayo","author_name":"\u00c1rea de Comunicaci\u00f3n","width":"742","height":"410","url":"https:\/\/mail.iuelviso.org\/iu-reivindica-el-primero-de-mayo","html":"\u003Ch4 class='title'\u003E\u003Ca href='https:\/\/mail.iuelviso.org\/iu-reivindica-el-primero-de-mayo'\u003EIU reivindica el Primero de Mayo\u003C\/a\u003E\u003C\/h4\u003E\u003Cblockquote class='spip'\u003E\u003Cp\u003ELa Asamblea local de Izquierda Unida en El Viso del Alcor organizar\u00e1 un acto de reivindicaci\u00f3n del Primero de Mayo, Fiesta de los Trabajadores y Trabajadoras, el pr\u00f3ximo domingo a las 12 de la ma\u00f1ana en la Casa de la Cultura.\u003C\/p\u003E\u003C\/blockquote\u003E\n"}

Área de Comunicación

<h4 class='title'><a href='https://mail.iuelviso.org/iu-reivindica-el-primero-de-mayo'>IU reivindica el Primero de Mayo</a></h4><blockquote class='spip'><p>La Asamblea local de Izquierda Unida en El Viso del Alcor organizará un acto de reivindicación del Primero de Mayo, Fiesta de los Trabajadores y Trabajadoras, el próximo domingo a las 12 de la mañana en la Casa de la Cultura.</p></blockquote>
