{"version":"1.0","type":"rich","provider_name":"Izquierda Unida - El Viso del Alcor","provider_url":"https:\/\/iuelviso.org","title":"IU solicitar\u00e1 al gobierno una tarifa el\u00e9ctrica m\u00e1s barata para los Ayuntamientos","author_name":"Grupo Municipal","width":"742","height":"410","url":"https:\/\/mail.iuelviso.org\/iu-solicitara-al-gobierno-una","html":"\u003Ch4 class='title'\u003E\u003Ca href='https:\/\/mail.iuelviso.org\/iu-solicitara-al-gobierno-una'\u003EIU solicitar\u00e1 al gobierno una tarifa el\u00e9ctrica m\u00e1s barata para los Ayuntamientos\u003C\/a\u003E\u003C\/h4\u003E\u003Cblockquote class='spip'\u003E\u003Cp\u003ECon ello pretendemos que la corporaci\u00f3n se sume a la iniciativa emprendida por los alcaldes de Osuna y Carmona.\u003C\/p\u003E\u003C\/blockquote\u003E\n"}

IU solicitará al gobierno una tarifa eléctrica más barata para los Ayuntamientos

<h4 class='title'><a href='https://mail.iuelviso.org/iu-solicitara-al-gobierno-una'>IU solicitará al gobierno una tarifa eléctrica más barata para los Ayuntamientos</a></h4><blockquote class='spip'><p>Con ello pretendemos que la corporación se sume a la iniciativa emprendida por los alcaldes de Osuna y Carmona.</p></blockquote>
