{"version":"1.0","type":"rich","provider_name":"Izquierda Unida - El Viso del Alcor","provider_url":"https:\/\/iuelviso.org","title":"Jueves de Debate (el hambre en el cuerno de \u00c1frica)","author_name":"\u00c1rea de Formaci\u00f3n","width":"742","height":"410","url":"https:\/\/mail.iuelviso.org\/jueves-de-debate-hambre-en-cuerno-africa","html":"\u003Ch4 class='title'\u003E\u003Ca href='https:\/\/mail.iuelviso.org\/jueves-de-debate-hambre-en-cuerno-africa'\u003EJueves de Debate (el hambre en el cuerno de \u00c1frica)\u003C\/a\u003E\u003C\/h4\u003E\u003Cblockquote class='spip'\u003E\u003Cp\u003EEn este Jueves de Debate queremos hablar sobre lo que est\u00e1 pasando en Somalia. Como de repende el hambre en Somalia es noticia en todos los medios, \u00bfqu\u00e9 ha pasado? \u00bfdonde donde viene? \u00bfque podemos hacer para solucionarlo?.\u003C\/p\u003E\u003C\/blockquote\u003E\n"}

Jueves de Debate (el hambre en el cuerno de África)

Área de Formación

<h4 class='title'><a href='https://mail.iuelviso.org/jueves-de-debate-hambre-en-cuerno-africa'>Jueves de Debate (el hambre en el cuerno de África)</a></h4><blockquote class='spip'><p>En este Jueves de Debate queremos hablar sobre lo que está pasando en Somalia. Como de repende el hambre en Somalia es noticia en todos los medios, ¿qué ha pasado? ¿donde donde viene? ¿que podemos hacer para solucionarlo?.</p></blockquote>
