{"version":"1.0","type":"rich","provider_name":"Izquierda Unida - El Viso del Alcor","provider_url":"https:\/\/iuelviso.org","title":"Manuel Garc\u00eda, alcalde de El Viso del Alcor, contrata de manera irregular","author_name":"Administrador","width":"742","height":"410","url":"https:\/\/mail.iuelviso.org\/manuel-garcia-alcalde-de-el-viso-contrata-irregularmente","html":"\u003Ch4 class='title'\u003E\u003Ca href='https:\/\/mail.iuelviso.org\/manuel-garcia-alcalde-de-el-viso-contrata-irregularmente'\u003EManuel Garc\u00eda, alcalde de El Viso del Alcor, contrata de manera irregular\u003C\/a\u003E\u003C\/h4\u003E\u003Cblockquote class='spip'\u003E\u003Cp\u003E\u00bfQu\u00e9 pasa cuando se aprueba un reglamento y se mete en un caj\u00f3n? \u00bfY si ese reglamento es sobre la contrataci\u00f3n temporal y la gesti\u00f3n de la bolsa de empleo? Pues lo que pasa es lo que en Izquierda Unida llevamos denunciando a\u00f1os. Pasa que se contrata a personal mediante procesos irregulares, pasa que se usa lo que deben ser situaciones excepcionales como algo normal.\u003C\/p\u003E\u003C\/blockquote\u003E\n"}

Manuel García, alcalde de El Viso del Alcor, contrata de manera irregular

<h4 class='title'><a href='https://mail.iuelviso.org/manuel-garcia-alcalde-de-el-viso-contrata-irregularmente'>Manuel García, alcalde de El Viso del Alcor, contrata de manera irregular</a></h4><blockquote class='spip'><p>¿Qué pasa cuando se aprueba un reglamento y se mete en un cajón? ¿Y si ese reglamento es sobre la contratación temporal y la gestión de la bolsa de empleo? Pues lo que pasa es lo que en Izquierda Unida llevamos denunciando años. Pasa que se contrata a personal mediante procesos irregulares, pasa que se usa lo que deben ser situaciones excepcionales como algo normal.</p></blockquote>
