{"version":"1.0","type":"rich","provider_name":"Izquierda Unida - El Viso del Alcor","provider_url":"https:\/\/iuelviso.org","title":"Mar\u00eda Parre\u00f1o Mart\u00edn, nueva concejala de IU El Viso","author_name":"Administrador","width":"742","height":"410","url":"https:\/\/mail.iuelviso.org\/maria-parreno-martin-nueva-concejala-de-iu-el-viso","html":"\u003Ch4 class='title'\u003E\u003Ca href='https:\/\/mail.iuelviso.org\/maria-parreno-martin-nueva-concejala-de-iu-el-viso'\u003EMar\u00eda Parre\u00f1o Mart\u00edn, nueva concejala de IU El Viso\u003C\/a\u003E\u003C\/h4\u003E\u003Cblockquote class='spip'\u003E\u003Cp\u003EMar\u00eda Parre\u00f1o Mart\u00edn, anterior Coordinadora Local de IU, es la nueva integrante de nuestro Grupo Municipal tras la renuncia de Juan Jim\u00e9nez Mart\u00ednez. Nuestra compa\u00f1era prometi\u00f3 el cargo el pasado 17 de diciembre durante el Pleno Ordinario.\u003C\/p\u003E\u003C\/blockquote\u003E\n"}

María Parreño Martín, nueva concejala de IU El Viso

<h4 class='title'><a href='https://mail.iuelviso.org/maria-parreno-martin-nueva-concejala-de-iu-el-viso'>María Parreño Martín, nueva concejala de IU El Viso</a></h4><blockquote class='spip'><p>María Parreño Martín, anterior Coordinadora Local de IU, es la nueva integrante de nuestro Grupo Municipal tras la renuncia de Juan Jiménez Martínez. Nuestra compañera prometió el cargo el pasado 17 de diciembre durante el Pleno Ordinario.</p></blockquote>
