{"version":"1.0","type":"rich","provider_name":"Izquierda Unida - El Viso del Alcor","provider_url":"https:\/\/iuelviso.org","title":"Subvenciones para fines sociales a cargo del 0&#8217;7% RENTA","author_name":"Granada Santos","width":"742","height":"410","url":"https:\/\/mail.iuelviso.org\/subvenciones-para-fines-sociales-a-cargo-del-0-7-renta","html":"\u003Ch4 class='title'\u003E\u003Ca href='https:\/\/mail.iuelviso.org\/subvenciones-para-fines-sociales-a-cargo-del-0-7-renta'\u003ESubvenciones para fines sociales a cargo del 0&#8217;7% RENTA\u003C\/a\u003E\u003C\/h4\u003E\u003Cblockquote class='spip'\u003E\u003Cp\u003ESe  convocan  subvenciones,  en  r\u00e9gimen  de  concurrencia competitiva, destinadas a entidades privadas para la realizaci\u00f3n de actuaciones de inter\u00e9s general para atender fines sociales con cargo a la asignaci\u00f3n tributaria del  0,7%  del  Impuesto  sobre  la  Renta  de  las  Personas  F\u00edsicas.\u003C\/p\u003E\u003C\/blockquote\u003E\n"}

<h4 class='title'><a href='https://mail.iuelviso.org/subvenciones-para-fines-sociales-a-cargo-del-0-7-renta'>Subvenciones para fines sociales a cargo del 0&#8217;7% RENTA</a></h4><blockquote class='spip'><p>Se  convocan  subvenciones,  en  régimen  de  concurrencia competitiva, destinadas a entidades privadas para la realización de actuaciones de interés general para atender fines sociales con cargo a la asignación tributaria del  0,7%  del  Impuesto  sobre  la  Renta  de  las  Personas  Físicas.</p></blockquote>
