{"version":"1.0","type":"rich","provider_name":"Izquierda Unida - El Viso del Alcor","provider_url":"https:\/\/iuelviso.org","title":"Un Primero de Mayo de 2022 dedicado a Joaqu\u00edn Bonilla","author_name":"Administrador","width":"742","height":"410","url":"https:\/\/mail.iuelviso.org\/un-primero-de-mayo-de-2022-dedicado-a-joaquin-bonilla","html":"\u003Ch4 class='title'\u003E\u003Ca href='https:\/\/mail.iuelviso.org\/un-primero-de-mayo-de-2022-dedicado-a-joaquin-bonilla'\u003EUn Primero de Mayo de 2022 dedicado a Joaqu\u00edn Bonilla\u003C\/a\u003E\u003C\/h4\u003E\u003Cblockquote class='spip'\u003E\u003Cp\u003ENadie es indispensable, pero hay personas que dejan su huella cuando se van. Este es el caso de nuestro querido amigo y compa\u00f1ero Joaqu\u00edn Bonilla. Un militante como pocos, comprometido, siempre en un segundo plano, ayudando en todo lo que pod\u00eda y siempre dispuesto a trabajar por los dem\u00e1s. Por eso, le hemos querido dedicar este Primero de Mayo.\u003C\/p\u003E\u003C\/blockquote\u003E\n"}

Un Primero de Mayo de 2022 dedicado a Joaquín Bonilla

<h4 class='title'><a href='https://mail.iuelviso.org/un-primero-de-mayo-de-2022-dedicado-a-joaquin-bonilla'>Un Primero de Mayo de 2022 dedicado a Joaquín Bonilla</a></h4><blockquote class='spip'><p>Nadie es indispensable, pero hay personas que dejan su huella cuando se van. Este es el caso de nuestro querido amigo y compañero Joaquín Bonilla. Un militante como pocos, comprometido, siempre en un segundo plano, ayudando en todo lo que podía y siempre dispuesto a trabajar por los demás. Por eso, le hemos querido dedicar este Primero de Mayo.</p></blockquote>
