{"version":"1.0","type":"rich","provider_name":"Izquierda Unida - El Viso del Alcor","provider_url":"https:\/\/iuelviso.org","title":"V\u00eddeo y fotos del acto del D\u00eda de Andaluc\u00eda","author_name":"\u00c1rea de Comunicaci\u00f3n","width":"742","height":"410","url":"https:\/\/mail.iuelviso.org\/video-fotos-acto-dia-andalucia-2014","html":"\u003Ch4 class='title'\u003E\u003Ca href='https:\/\/mail.iuelviso.org\/video-fotos-acto-dia-andalucia-2014'\u003EV\u00eddeo y fotos del acto del D\u00eda de Andaluc\u00eda\u003C\/a\u003E\u003C\/h4\u003E\u003Cblockquote class='spip'\u003E\u003Ciframe width=\"100%\" height=\"315\" src=\"\/\/www.youtube.com\/embed\/mcOBBib_y_Y?rel=0\" frameborder=\"0\" allowfullscreen\u003E\u003C\/iframe\u003E\n\u003Cp\u003EUna hora de acto y unas 60 personas, para celebrar el D\u00eda de Andaluc\u00eda el pasado s\u00e1bado. Aqu\u00ed os dejamos el v\u00eddeo y las fotos que se hicieron durante la ma\u00f1ana. Un acto donde miembros del consejo, simpatizantes, Ram\u00f3n Moreno y Granada Santos mostraron la cultura, la lucha y las ganas de construir una Andaluc\u00eda mejor. Gracias a las personas asistentes.\u003C\/p\u003E\u003C\/blockquote\u003E\n"}

Vídeo y fotos del acto del Día de Andalucía

Área de Comunicación

<h4 class='title'><a href='https://mail.iuelviso.org/video-fotos-acto-dia-andalucia-2014'>Vídeo y fotos del acto del Día de Andalucía</a></h4><blockquote class='spip'><iframe width="100%" height="315" src="//www.youtube.com/embed/mcOBBib_y_Y?rel=0" frameborder="0" allowfullscreen></iframe>
<p>Una hora de acto y unas 60 personas, para celebrar el Día de Andalucía el pasado sábado. Aquí os dejamos el vídeo y las fotos que se hicieron durante la mañana. Un acto donde miembros del consejo, simpatizantes, Ramón Moreno y Granada Santos mostraron la cultura, la lucha y las ganas de construir una Andalucía mejor. Gracias a las personas asistentes.</p></blockquote>
